. Let h(u) = u**2 + 8*u + 7. Determine h(m).
-8
Let i = -6 + 8. Let l(r) = 0*r + 7*r + i*r + 0*r - 1. Give l(1).
8
Let k(x) = -20*x**2 + 2*x - 5. Let m(p) = -4*p**2 + 11*p**2 + 2 - 6*p + 5*p. Let c(q) = 6*k(q) + 17*m(q). Suppose -4*f + 4 - 24 = 0. Give c(f).
4
Let l(h) = h**2 - h - 15. Let a(x) = x**3 + 6*x**2 - 6*x + 7. Let p be a(-7). Give l(p).
-15
Suppose 3*s = -r + 55, 5*r - 48 = -s + 297. Suppose 2*w = -5*n + 80, 2*n - r = -3*n - 4*w. Let f be (n/(-15))/(2/(-10)). Let p(o) = -o + 1. Determine p(f).
-5
Let r(i) = 2*i**3 + i**2 - 4*i + 5. Let q(t) = t**3 - 2*t + 3. Let n(z) = -5*q(z) + 3*r(z). Calculate n(-4).
-8
Let k(t) = -5 - t**3 + 3*t**3 - t**3. Let i(q) = -q**3 - q**2 - 3*q - 1. Let f be i(-2). Suppose 3 = 3*l + j, l - 3 + f = 2*j. Give k(l).
-5
Let y(z) be the second derivative of -z**7/840 + z**6/90 - z**5/120 - z**3 - z. Let l(m) be the second derivative of y(m). Give l(3).
6
Suppose 0 = 4*o, -3 = -n - 10*o + 5*o. Let k(w) = 2*w**2 - 4*w + 1. Calculate k(n).
7
Let m be 1/(-3)*0/2. Suppose 4*g + 5*s + 30 = 0, m = -5*s - 6 - 4. Let a(b) = -b**2 - 7*b - 4. Calculate a(g).
6
Let n(v) = -3*v**2 - 1. Let q(b) = -b + 8. Let z be q(6). Let c be 0 - (-5 - (z - 6)). What is n(c)?
-4
Let u(b) be the third derivative of b**7/5040 - b**6/720 - 7*b**5/60 + 7*b**2. Let q(x) be the third derivative of u(x). Give q(-2).
-3
Let p(t) = -t + 2. Let y(v) = v - 1. Suppose -1 - 3 = -2*q. Let m(d) = q*y(d) + p(d). Give m(0).
0
Let n(p) be the first derivative of -p**3/3 - 5*p**2/2 - 44. What is n(-5)?
0
Let p(k) = -k + 3. Let d(m) = -m - 2. Let c be d(-6). Suppose 0 = 5*l + 20, -4 = 2*r + 4*l + c. Give p(r).
-1
Let c(q) = -3*q**3 + q + 3 - 5*q**2 + 2*q**3 + q**2. Suppose 2*u + 4 = 0, 0*u - 4*u - 10 = 2*n. Let b be n/(4*(-2)/(-24)). Calculate c(b).
-9
Let d(m) = -m**2. Let b(v) = 2*v**2 - 2*v + 3. Let t(f) = -b(f) - d(f). Give t(2).
-3
Let u(x) be the second derivative of x**5/20 - x**4/3 + x**3/6 + x**2/2 + 6*x. Determine u(2).
-5
Let j(z) = -z**3 - 3*z**2 - 2*z - 4. Let c be j(-3). Let o be (-4)/((-1)/2*c). Let k(x) = x**2 - 5*x + 6. Calculate k(o).
2
Suppose -3*t + 44 = -t. Let v(c) = -2*c + c**2 + 20 + c - t. Determine v(-2).
4
Let o be 1 + (0 - -1)*4. Let r(m) = -6*m**2 + o*m**3 - m**3 - 3*m**3 + 2*m - 7. Let b be -5*(-11)/((-220)/(-24)). What is r(b)?
5
Let d(q) = -q**2 - 7*q - 6. Suppose 6*u - 4*u + 12 = 0. Calculate d(u).
0
Let i(n) be the second derivative of -n**5/20 + n**4/6 + n**3/3 - n**2/2 + 7*n. Suppose 3 = -0*r + r. What is i(r)?
-4
Let t = 4 - -5. Let x be -10*(t/(-6) + 1). Let w(i) be the third derivative of i**6/120 - i**5/12 - i**4/24 + 2*i**2. Determine w(x).
-5
Let a(n) = -3*n + 2. Suppose -2*k + 4*u + 3 = 1, -5 = -2*k + u. Let o(p) = 5*p + 4 - 6 - k + 1. Let d(y) = -7*a(y) - 4*o(y). Calculate d(3).
5
Let x(z) = 7*z - 6. Let g(q) = q**2 + 8*q - 7. Let r be -1*(-2 + 0) - 4. Let a(l) = r*g(l) + 3*x(l). What is a(3)?
-7
Suppose -4*h - h = 0. Suppose -4*v + 16 = h, 5*x + 0*x - 51 = -4*v. Suppose 5*r - x = 3*z, 3*z + 16 = 4*r - 2*z. Let w(g) = 3*g - 1. Determine w(r).
-4
Let k(y) = 9*y + 7. Let b(w) = -w**3 - 3*w**2 - w. Let l be b(-3). Let r(g) = g + 1. Let q(z) = l*k(z) - 21*r(z). Give q(1).
6
Suppose -m + 3*v + 7 = 0, 5*m + 23 + 2 = -5*v. Let k(h) = 13*h**2 - 7*h + 1. Let y(l) = 3*l**2 - 2*l. Let p(b) = m*k(b) + 9*y(b). What is p(5)?
3
Let c(x) = -x**2 + 5*x + 4. Let g(d) = d**2 - 6*d - 1. Let p be g(7). Calculate c(p).
-2
Let u(i) = -i**2 + i + 1. Let v(o) = -4*o**2 + 8*o. Let w(j) = -5*u(j) + v(j). Suppose 9 = -3*l + 39. Let m be l/(-4)*4/2. Give w(m).
5
Let s(k) = -k**2 - 6*k - 3. Let b(c) = -3*c - 20. Let t be b(-5). What is s(t)?
2
Let t(w) = w**2 - 2. Let s be 4/6 + (-171)/(-27). Suppose s*o + 7 = 2*o + 2*m, -14 = -2*o + 5*m. Calculate t(o).
7
Let p(c) = 4*c**3 + 104 - 2*c**2 - 103 - c**2 + 7*c. Let l(j) = -j**3 - j**2 - j. Let z(n) = 3*l(n) + p(n). Calculate z(5).
-4
Let z(i) = 5*i**2 + i. Let f = 20 - 10. Suppose g = -4*g + f. Suppose r = -r + n + 3, 3*r - 1 = -g*n. Calculate z(r).
6
Let p(k) = -k - 1. Let g = 3 + -6. What is p(g)?
2
Let s(x) = -6*x**3 + x - 3 + 3 + 7*x**3. Let f(m) = -7*m**3 - 4*m**2 - 6*m + 4. Let y(a) = f(a) + 6*s(a). Calculate y(-3).
-5
Let u(o) be the second derivative of o**5/20 + o**4/12 - o**3/2 - o**2/2 + 24*o. Give u(-3).
-10
Let c(g) be the second derivative of g**5/20 - g**4/2 + 2*g**2 - 2*g. Give c(6).
4
Let d(f) = 2*f + 1. Let r(k) = -2*k**3 + 2*k**2 - 2*k + 1. Suppose 0 = 4*i, -u + i + 1 = 4*i. Let p be r(u). Give d(p).
-1
Suppose -4*m - 4 = 0, 0 = -4*l + m - 6*m + 27. Let j(c) = -c + 2. Calculate j(l).
-6
Let m(v) = -v**2 + 1. Let y = -2 - -3. Let a(i) = i + 7. Let d be a(-4). Suppose -r = d - y. What is m(r)?
-3
Let r(z) = 5*z - 2. Let p(a) = 22*a - 7. Let h(g) = -2*p(g) + 9*r(g). Calculate h(-6).
-10
Let u(a) = 4*a**2 - 3*a + 1. Let y be u(3). Suppose 4*j - 2 = -4*c + 10, y = 4*j - 4*c. Let w(x) = x**3 - 6*x**2 + 3*x + 4. Give w(j).
-6
Let q(t) = -12*t**2 + 2*t - 3. Let n(r) = r + 8. Let w be n(0). Let m(g) = -8*g**2 + g - 2. Let j(l) = w*m(l) - 5*q(l). Determine j(-1).
-3
Let v(a) be the third derivative of -a**4/24 - 98*a**2. Suppose 2*o - 3 = -1. Give v(o).
-1
Let d = -40 - -45. Let b(p) = p**2 - 7*p. Give b(d).
-10
Let o(a) be the first derivative of -a**4/12 - a**3 + 2*a**2 - a - 4. Let t(v) be the first derivative of o(v). Calculate t(-6).
4
Let n(v) = 5 - 4*v**2 - 8 + 5*v**2. Give n(-3).
6
Let j(l) = -9*l**2 - 5*l**2 + 10*l**2 - 1 + 2*l. Determine j(1).
-3
Let o(a) = 4*a - 14*a + 5*a - a**2 + 5 + 0*a**2. Determine o(-5).
5
Suppose 2*n = -4 - 4. Let f(r) be the second derivative of -r**3/3 - r**2/2 + 30*r - 1. Give f(n).
7
Let r(p) = p**2 + 1. Let w(b) = 20*b**2 + 3. Let a(o) = -4*r(o) + w(o). Give a(1).
15
Let u(t) be the second derivative of -t**4/24 - t**3/6 + t**2/2 + 2*t. Let l(d) be the first derivative of u(d). Give l(-4).
3
Let p(b) be the third derivative of 0 + 0*b - 1/60*b**5 - 1/24*b**4 + 0*b**3 - 1/120*b**6 - 5*b**2. Give p(-2).
6
Suppose 3*p = 4 - 16. Let b(m) = -m**3 - 5*m**2 - 4*m - 4. Calculate b(p).
-4
Let i(x) = x**2 - x + 10. Let w = -9 - -11. Suppose 2*k + 40 = 5*f + 15, -w*f + 10 = -2*k. What is i(k)?
10
Let h(z) = -z**3 + 3*z**2 - 4. Suppose -3*o + 4 = -2*o. Let s = o - 1. Determine h(s).
-4
Let l be 27/5 + 14/(-35). Let h(z) = -3 + l*z - 3 + 2 + 2. Give h(2).
8
Let r(a) = a**2 + 6*a - 2. Let n be r(-4). Let l = n + 7. Let p(y) = 2*y - 2. What is p(l)?
-8
Suppose 0 = 4*y - 13 - 7. Let d(p) be the first derivative of -3/2*p**2 - 3 + 1/3*p**3 - 5*p. Calculate d(y).
5
Suppose 3*k + k + 8 = -3*p, -4*k = 4*p + 4. Suppose 3*h + 4*l + 10 = 0, -4*h + 0*h - l + p = 0. Let j(w) = -w**2 + w + 1. What is j(h)?
-1
Suppose 2*x - 4*n = 4*x - 22, -x + 5*n = 10. Suppose -4*q - 5*m = -2, 0 = -5*q + 2*m - 6*m + 7. Let k(h) = -1 - 5*h + 7*h**2 - h**3 + q - h**2. Calculate k(x).
2
Suppose 3*n - 6*n + 6 = 0. Let f be n/(-3) - (-24)/9. Suppose p = -3*a + 11, 0*a + f*a = p + 14. Let t(b) = 2*b + 6. Calculate t(p).
-2
Let t(m) be the second derivative of m**4/12 + m**3/2 + m**2 - 7*m. Calculate t(-2).
0
Let l(m) = -2*m + 15. Let k(q) = -q + 1. Let r(u) = -6*k(u) + l(u). Give r(-6).
-15
Let d = 0 - -5. Let r(a) = -5*a + 2. Let s(c) = -14*c + 5. Let l(h) = 11*r(h) - 4*s(h). Calculate l(d).
7
Suppose -3 + 0 = 3*g. Let u be 3 - (1 + g + 4). Let t(w) = 3*w**2 + w + 1. What is t(u)?
3
Let o(k) = -22*k**2 + 2*k + 9 + k + k**3 + 29*k**2. Determine o(-7).
-12
Let z = 17 + -12. Let u(f) = 0 + 2*f - 4 + 3. What is u(z)?
9
Let b(p) = 3*p. Let f be (-4)/10 + 2/5. Let n = f + -3. Let t = n - -4. What is b(t)?
3
Let q(d) be the first derivative of -d**4/4 - d**3/3 + d**2/2 - d - 54. Calculate q(-2).
1
Let y(q) = q**3 + q**2 - 2*q - 1. Let u be 4/((-4)/(-2)) + -1. Suppose 0 = -2*h - u + 5. What is y(h)?
7
Let h(a) = 7*a**2 + 27 - 9*a**2 - 28. What is h(-1)?
-3
Let b(p) = -p**3 + 4*p**2 + 3*p + 4. Let u be 3 - ((3 - 4) + -1). Calculate b(u).
-6
Let v(r) be the first derivative of r**2 - r - 3 + 0*r + 0*r**2. Give v(-3).
-7
Let b(n) be the second derivative of -n**4/12 + n**3/6 + n. Calculate b(2).
-2
Suppose -5*v - 1 = -2*i - 7, -5*i + 6 = -2*v. Let b(m) = 0*m**2 + 3*m - 4 + 2*m**2 + i*m**2 - m**3. Calculate b(4).
8
Let l(m) = m**3 + m**2 - 5. Let q(x) = 3 + 1 - x**2 + 0*x**2 + 0*x**2. Let w(d) = 3*l(